remainder when 1921 is divided by 92?
81
What is the remainder when 80 is divided by 27?
26
What is the remainder when 26316 is divided by 8?
4
Calculate the remainder when 358985 is divided by 263.
253
Calculate the remainder when 210 is divided by 37.
25
Calculate the remainder when 5445 is divided by 5435.
10
Calculate the remainder when 211965 is divided by 512.
509
What is the remainder when 1766 is divided by 111?
101
Calculate the remainder when 8230 is divided by 58.
52
Calculate the remainder when 9297 is divided by 1233.
666
What is the remainder when 3104 is divided by 9?
8
What is the remainder when 1962 is divided by 181?
152
What is the remainder when 74378 is divided by 66?
62
Calculate the remainder when 5310 is divided by 2624.
62
What is the remainder when 9951 is divided by 106?
93
What is the remainder when 16243 is divided by 239?
230
Calculate the remainder when 609472 is divided by 12.
4
Calculate the remainder when 29026 is divided by 174.
142
What is the remainder when 20162 is divided by 1667?
158
Calculate the remainder when 1604 is divided by 37.
13
What is the remainder when 36025 is divided by 89?
69
Calculate the remainder when 755 is divided by 739.
16
Calculate the remainder when 522363 is divided by 111.
108
Calculate the remainder when 3417 is divided by 2.
1
Calculate the remainder when 16762 is divided by 166.
162
Calculate the remainder when 105119 is divided by 201.
197
What is the remainder when 8770 is divided by 538?
162
What is the remainder when 949 is divided by 200?
149
What is the remainder when 863964 is divided by 784?
780
What is the remainder when 55766 is divided by 13887?
218
What is the remainder when 19708 is divided by 6560?
28
Calculate the remainder when 1894 is divided by 629.
7
Calculate the remainder when 7258 is divided by 10.
8
Calculate the remainder when 5222 is divided by 1686.
164
What is the remainder when 8846 is divided by 355?
326
What is the remainder when 913778 is divided by 304566?
80
Calculate the remainder when 634071 is divided by 62.
59
What is the remainder when 13025 is divided by 1891?
1679
What is the remainder when 1530 is divided by 287?
95
Calculate the remainder when 7091 is divided by 33.
29
What is the remainder when 141595 is divided by 139?
93
What is the remainder when 1779 is divided by 292?
27
What is the remainder when 683142 is divided by 154?
152
What is the remainder when 6045 is divided by 223?
24
What is the remainder when 1608 is divided by 555?
498
Calculate the remainder when 14798 is divided by 42.
14
What is the remainder when 15277 is divided by 3038?
87
Calculate the remainder when 6436 is divided by 306.
10
What is the remainder when 26161 is divided by 81?
79
What is the remainder when 775349 is divided by 387671?
7
What is the remainder when 367 is divided by 366?
1
Calculate the remainder when 1136 is divided by 282.
8
What is the remainder when 1339376 is divided by 12?
8
Calculate the remainder when 21606 is divided by 16.
6
Calculate the remainder when 6889 is divided by 26.
25
Calculate the remainder when 93174 is divided by 88.
70
Calculate the remainder when 191195 is divided by 1482.
17
What is the remainder when 77087 is divided by 100?
87
Calculate the remainder when 1282 is divided by 78.
34
What is the remainder when 6693 is divided by 447?
435
Calculate the remainder when 120140 is divided by 176.
108
Calculate the remainder when 45462 is divided by 3784.
54
What is the remainder when 84798 is divided by 61?
8
What is the remainder when 1766689 is divided by 38?
31
What is the remainder when 9241 is divided by 924?
1
Calculate the remainder when 19877 is divided by 35.
32
Calculate the remainder when 53390 is divided by 581.
519
Calculate the remainder when 21124 is divided by 69.
10
What is the remainder when 52154 is divided by 120?
74
What is the remainder when 9875 is divided by 409?
59
What is the remainder when 270 is divided by 70?
60
Calculate the remainder when 153039 is divided by 313.
295
Calculate the remainder when 58618 is divided by 1628.
10
What is the remainder when 87734 is divided by 21?
17
What is the remainder when 4346 is divided by 274?
236
What is the remainder when 14460 is divided by 688?
12
Calculate the remainder when 587 is divided by 310.
277
What is the remainder when 4004 is divided by 147?
35
Calculate the remainder when 21484 is divided by 92.
48
Calculate the remainder when 14542 is divided by 42.
10
Calculate the remainder when 12189 is divided by 108.
93
Calculate the remainder when 33361 is divided by 1757.
1735
What is the remainder when 7405 is divided by 195?
190
What is the remainder when 1488734 is divided by 10?
4
What is the remainder when 1241 is divided by 88?
9
Calculate the remainder when 215 is divided by 169.
46
Calculate the remainder when 335739 is divided by 436.
19
What is the remainder when 17224 is divided by 5707?
103
Calculate the remainder when 2852598 is divided by 340.
338
What is the remainder when 5857 is divided by 5311?
546
What is the remainder when 18839 is divided by 2092?
11
What is the remainder when 1015871 is divided by 1505?
1501
Calculate the remainder when 65932 is divided by 32963.
6
What is the remainder when 200213 is divided by 16684?
5
What is the remainder when 5253 is divided by 99?
6
What is the remainder when 16721 is divided by 2087?
25
What is the remainder when 9470 is divided by 783?
74
Calculate the remainder when 1035641 is divided by 44.
13
Calculate the remainder when 61954 is divided by 53.
50
Calculate the remainder when 240419 is divided by 1484.
11
What is the remainder when 2766 is divided by 719?
609
What is the remainder when 3478 is divided by 272?
214
What is the remainder when 367163 is divided by 252?
251
Calculate the remainder when 265937 is divided by 41.
11
Calculate the remainder when 391 is divided by 153.
85
What is the remainder when 14049 is divided by 94?
43
What is the remainder when 46287 is divided by 1652?
31
What is the remainder when 462890 is divided by 143?
142
Calculate the remainder when 2597 is divided by 41.
14
Calculate the remainder when 17618 is divided by 196.
174
What is the remainder when 35171 is divided by 13?
6
What is the remainder when 13307 is divided by 153?
149
Calculate the remainder when 3999 is divided by 284.
23
What is the remainder when 15641 is divided by 29?
10
What is the remainder when 29776 is divided by 5?
1
What is the remainder when 15288 is divided by 11?
9
What is the remainder when 1193 is divided by 58?
33
Calculate the remainder when 49301 is divided by 580.
1
Calculate the remainder when 30782 is divided by 4382.
108
What is the remainder when 533182 is divided by 1606?
1596
What is the remainder when 165536 is divided by 1403?
1385
What is the remainder when 56852 is divided by 102?
38
Calculate the remainder when 2855906 is divided by 197.
194
What is the remainder when 6664 is divided by 63?
49
What is the remainder when 31529 is divided by 191?
14
What is the remainder when 426493 is divided by 272?
269
Calculate the remainder when 2324 is divided by 730.
134
Calculate the remainder when 17656 is divided by 127.
3
Calculate the remainder when 6805 is divided by 79.
11
What is the remainder when 39389 is divided by 788?
777
Calculate the remainder when 4445 is divided by 25.
20
Calculate the remainder when 3762 is divided by 537.
3
What is the remainder when 40209 is divided by 40106?
103
Calculate the remainder when 7216 is divided by 3050.
1116
Calculate the remainder when 207315 is divided by 355.
350
Calculate the remainder when 644 is divided by 172.
128
What is the remainder when 31837 is divided by 3946?
269
What is the remainder when 5774 is divided by 2885?
4
What is the remainder when 4632 is divided by 1529?
45
What is the remainder when 91 is divided by 16?
11
What is the remainder when 1243 is divided by 87?
25
What is the remainder when 12319 is divided by 21?
13
What is the remainder when 55415 is divided by 423?
2
What is the remainder when 2816 is divided by 257?
246
Calculate the remainder when 5134 is divided by 366.
10
Calculate the remainder when 469354 is divided by 303.
7
Calculate the remainder when 462298 is divided by 671.
650
What 